-- MySQL Database Dump
-- Converted from SQLite3
-- Generated by prepare_production.py



-- Table: django_migrations
-- 51 rows

INSERT INTO `django_migrations` (`id`, `app`, `name`, `applied`) VALUES (1, 'contenttypes', '0001_initial', '2026-01-02 13:32:30.827875');
INSERT INTO `django_migrations` (`id`, `app`, `name`, `applied`) VALUES (2, 'auth', '0001_initial', '2026-01-02 13:32:30.863901');
INSERT INTO `django_migrations` (`id`, `app`, `name`, `applied`) VALUES (3, 'admin', '0001_initial', '2026-01-02 13:32:30.894686');
INSERT INTO `django_migrations` (`id`, `app`, `name`, `applied`) VALUES (4, 'admin', '0002_logentry_remove_auto_add', '2026-01-02 13:32:30.930388');
INSERT INTO `django_migrations` (`id`, `app`, `name`, `applied`) VALUES (5, 'admin', '0003_logentry_add_action_flag_choices', '2026-01-02 13:32:30.953184');
INSERT INTO `django_migrations` (`id`, `app`, `name`, `applied`) VALUES (6, 'core', '0001_initial', '2026-01-02 13:32:31.074901');
INSERT INTO `django_migrations` (`id`, `app`, `name`, `applied`) VALUES (7, 'core', '0002_bill_invoice_invoiceitem_billitem_and_more', '2026-01-02 13:32:31.371993');
INSERT INTO `django_migrations` (`id`, `app`, `name`, `applied`) VALUES (8, 'core', '0003_remove_bill_amount_paid_remove_invoice_amount_paid_and_more', '2026-01-02 13:32:31.577350');
INSERT INTO `django_migrations` (`id`, `app`, `name`, `applied`) VALUES (9, 'core', '0004_payment_transaction', '2026-01-02 13:32:31.622925');
INSERT INTO `django_migrations` (`id`, `app`, `name`, `applied`) VALUES (10, 'core', '0005_alter_account_code', '2026-01-02 13:32:31.645244');
INSERT INTO `django_migrations` (`id`, `app`, `name`, `applied`) VALUES (11, 'core', '0006_add_bank_account_to_transaction_and_payment', '2026-01-02 13:32:31.794063');
INSERT INTO `django_migrations` (`id`, `app`, `name`, `applied`) VALUES (12, 'tenants', '0001_initial', '2026-01-02 13:32:31.940003');
INSERT INTO `django_migrations` (`id`, `app`, `name`, `applied`) VALUES (13, 'tenants', '0002_tenantsettings', '2026-01-02 13:32:31.987390');
INSERT INTO `django_migrations` (`id`, `app`, `name`, `applied`) VALUES (14, 'tenants', '0003_organization_current_plan_plan_ai_accounting_enabled_and_more', '2026-01-02 13:32:32.084025');
INSERT INTO `django_migrations` (`id`, `app`, `name`, `applied`) VALUES (15, 'ai_documents', '0001_initial', '2026-01-02 13:32:32.381812');
INSERT INTO `django_migrations` (`id`, `app`, `name`, `applied`) VALUES (16, 'ai_documents', '0002_aimoduleconfig_api_key_and_more', '2026-01-02 13:32:32.509566');
INSERT INTO `django_migrations` (`id`, `app`, `name`, `applied`) VALUES (17, 'ai_documents', '0003_alter_aimoduleconfig_model_name', '2026-01-02 13:32:32.560119');
INSERT INTO `django_migrations` (`id`, `app`, `name`, `applied`) VALUES (18, 'ai_documents', '0004_alter_aimoduleconfig_model_name', '2026-01-02 13:32:32.612688');
INSERT INTO `django_migrations` (`id`, `app`, `name`, `applied`) VALUES (19, 'ai_documents', '0005_chatattachment', '2026-01-02 13:32:32.682159');
INSERT INTO `django_migrations` (`id`, `app`, `name`, `applied`) VALUES (20, 'ai_documents', '0006_alter_bankstatementmetadata_options_and_more', '2026-01-02 13:32:32.873378');
INSERT INTO `django_migrations` (`id`, `app`, `name`, `applied`) VALUES (21, 'ai_documents', '0007_alter_bankstatementmetadata_entry_method', '2026-01-02 13:32:32.906082');
INSERT INTO `django_migrations` (`id`, `app`, `name`, `applied`) VALUES (22, 'contenttypes', '0002_remove_content_type_name', '2026-01-02 13:32:33.007097');
INSERT INTO `django_migrations` (`id`, `app`, `name`, `applied`) VALUES (23, 'auth', '0002_alter_permission_name_max_length', '2026-01-02 13:32:33.131871');
INSERT INTO `django_migrations` (`id`, `app`, `name`, `applied`) VALUES (24, 'auth', '0003_alter_user_email_max_length', '2026-01-02 13:32:33.178248');
INSERT INTO `django_migrations` (`id`, `app`, `name`, `applied`) VALUES (25, 'auth', '0004_alter_user_username_opts', '2026-01-02 13:32:33.220370');
INSERT INTO `django_migrations` (`id`, `app`, `name`, `applied`) VALUES (26, 'auth', '0005_alter_user_last_login_null', '2026-01-02 13:32:33.294737');
INSERT INTO `django_migrations` (`id`, `app`, `name`, `applied`) VALUES (27, 'auth', '0006_require_contenttypes_0002', '2026-01-02 13:32:33.307242');
INSERT INTO `django_migrations` (`id`, `app`, `name`, `applied`) VALUES (28, 'auth', '0007_alter_validators_add_error_messages', '2026-01-02 13:32:33.358339');
INSERT INTO `django_migrations` (`id`, `app`, `name`, `applied`) VALUES (29, 'auth', '0008_alter_user_username_max_length', '2026-01-02 13:32:33.442060');
INSERT INTO `django_migrations` (`id`, `app`, `name`, `applied`) VALUES (30, 'auth', '0009_alter_user_last_name_max_length', '2026-01-02 13:32:33.508589');
INSERT INTO `django_migrations` (`id`, `app`, `name`, `applied`) VALUES (31, 'auth', '0010_alter_group_name_max_length', '2026-01-02 13:32:33.570979');
INSERT INTO `django_migrations` (`id`, `app`, `name`, `applied`) VALUES (32, 'auth', '0011_update_proxy_permissions', '2026-01-02 13:32:33.623478');
INSERT INTO `django_migrations` (`id`, `app`, `name`, `applied`) VALUES (33, 'auth', '0012_alter_user_first_name_max_length', '2026-01-02 13:32:33.697608');
INSERT INTO `django_migrations` (`id`, `app`, `name`, `applied`) VALUES (34, 'tenants', '0004_plan_pos_enabled', '2026-01-02 13:32:33.724917');
INSERT INTO `django_migrations` (`id`, `app`, `name`, `applied`) VALUES (35, 'tenants', '0005_add_lhdn_fields', '2026-01-02 13:32:34.012190');
INSERT INTO `django_migrations` (`id`, `app`, `name`, `applied`) VALUES (36, 'tenants', '0006_plan_lhdn_borang_b_enabled', '2026-01-02 13:32:34.125545');
INSERT INTO `django_migrations` (`id`, `app`, `name`, `applied`) VALUES (37, 'tenants', '0007_billinginvoice_creditbalance_creditpackage_taxrate_and_more', '2026-01-02 13:32:34.600894');
INSERT INTO `django_migrations` (`id`, `app`, `name`, `applied`) VALUES (38, 'tenants', '0008_systemsettings', '2026-01-02 13:32:34.681103');
INSERT INTO `django_migrations` (`id`, `app`, `name`, `applied`) VALUES (39, 'tenants', '0009_add_bank_statement_limits', '2026-01-02 13:32:34.711526');
INSERT INTO `django_migrations` (`id`, `app`, `name`, `applied`) VALUES (40, 'tenants', '0010_streamline_payments', '2026-01-02 13:32:34.875503');
INSERT INTO `django_migrations` (`id`, `app`, `name`, `applied`) VALUES (41, 'tenants', '0011_remove_chipin_fields', '2026-01-02 13:32:35.045798');
INSERT INTO `django_migrations` (`id`, `app`, `name`, `applied`) VALUES (42, 'core', '0007_companyprofile_ownerequity_fixedasset', '2026-01-02 13:32:35.206673');
INSERT INTO `django_migrations` (`id`, `app`, `name`, `applied`) VALUES (43, 'core', '0008_add_yearend_snapshot', '2026-01-02 13:32:35.320720');
INSERT INTO `django_migrations` (`id`, `app`, `name`, `applied`) VALUES (44, 'core', '0009_add_tenant_isolation', '2026-01-02 13:32:37.861631');
INSERT INTO `django_migrations` (`id`, `app`, `name`, `applied`) VALUES (45, 'core', '0010_remove_bill_core_bill_bill_da_c86514_idx_and_more', '2026-01-02 13:32:40.117105');
INSERT INTO `django_migrations` (`id`, `app`, `name`, `applied`) VALUES (46, 'pos', '0001_initial', '2026-01-02 13:32:40.955105');
INSERT INTO `django_migrations` (`id`, `app`, `name`, `applied`) VALUES (47, 'pos', '0002_update_product_barcode_and_sale_payment', '2026-01-02 13:32:41.498425');
INSERT INTO `django_migrations` (`id`, `app`, `name`, `applied`) VALUES (48, 'pos', '0003_add_transaction_to_sale', '2026-01-02 13:32:41.637571');
INSERT INTO `django_migrations` (`id`, `app`, `name`, `applied`) VALUES (49, 'sessions', '0001_initial', '2026-01-02 13:32:41.663905');
INSERT INTO `django_migrations` (`id`, `app`, `name`, `applied`) VALUES (50, 'tenants', '0012_remove_subscriptionhistory_cancellation_reason_and_more', '2026-01-02 13:32:42.605553');
INSERT INTO `django_migrations` (`id`, `app`, `name`, `applied`) VALUES (51, 'landing', '0001_initial', '2026-01-02 13:51:07.120610');

-- Table: tenants_tenantuser
-- 1 rows

INSERT INTO `tenants_tenantuser` (`id`, `role`, `can_view_reports`, `can_create_transactions`, `can_edit_transactions`, `can_delete_transactions`, `can_manage_contacts`, `can_manage_users`, `can_manage_settings`, `is_active`, `joined_at`, `last_accessed_at`, `invited_by_id`, `organization_id`, `user_id`) VALUES (1, 'OWNER', 1, 1, 1, 1, 1, 1, 1, 1, '2026-01-02 13:42:53.404433', NULL, NULL, 2, 2);

-- Table: tenants_tenantsettings
-- 1 rows

INSERT INTO `tenants_tenantsettings` (`organization_id`, `invoice_prefix`, `next_invoice_number`, `bill_prefix`, `next_bill_number`, `sst_rate`, `sst_registration_number`, `show_company_logo`, `invoice_footer_text`, `invoice_notes_default`, `default_payment_terms_days`, `bank_name`, `bank_account_number`, `bank_account_holder`, `created_at`, `updated_at`) VALUES (2, 'INV', 1, 'BILL', 1, 8, '', 0, '', '', 30, '', '', '', '2026-01-02 13:42:53.414886', '2026-01-02 13:42:53.414931');

-- Table: django_content_type
-- 47 rows

INSERT INTO `django_content_type` (`id`, `app_label`, `model`) VALUES (1, 'admin', 'logentry');
INSERT INTO `django_content_type` (`id`, `app_label`, `model`) VALUES (2, 'auth', 'permission');
INSERT INTO `django_content_type` (`id`, `app_label`, `model`) VALUES (3, 'auth', 'group');
INSERT INTO `django_content_type` (`id`, `app_label`, `model`) VALUES (4, 'auth', 'user');
INSERT INTO `django_content_type` (`id`, `app_label`, `model`) VALUES (5, 'contenttypes', 'contenttype');
INSERT INTO `django_content_type` (`id`, `app_label`, `model`) VALUES (6, 'sessions', 'session');
INSERT INTO `django_content_type` (`id`, `app_label`, `model`) VALUES (7, 'tenants', 'organization');
INSERT INTO `django_content_type` (`id`, `app_label`, `model`) VALUES (8, 'tenants', 'plan');
INSERT INTO `django_content_type` (`id`, `app_label`, `model`) VALUES (9, 'tenants', 'tenantuser');
INSERT INTO `django_content_type` (`id`, `app_label`, `model`) VALUES (10, 'tenants', 'tenantsettings');
INSERT INTO `django_content_type` (`id`, `app_label`, `model`) VALUES (11, 'tenants', 'billinginvoice');
INSERT INTO `django_content_type` (`id`, `app_label`, `model`) VALUES (12, 'tenants', 'creditbalance');
INSERT INTO `django_content_type` (`id`, `app_label`, `model`) VALUES (13, 'tenants', 'creditpackage');
INSERT INTO `django_content_type` (`id`, `app_label`, `model`) VALUES (14, 'tenants', 'taxrate');
INSERT INTO `django_content_type` (`id`, `app_label`, `model`) VALUES (15, 'tenants', 'subscriptionhistory');
INSERT INTO `django_content_type` (`id`, `app_label`, `model`) VALUES (16, 'tenants', 'scheduledplanchange');
INSERT INTO `django_content_type` (`id`, `app_label`, `model`) VALUES (17, 'tenants', 'paymentretrylog');
INSERT INTO `django_content_type` (`id`, `app_label`, `model`) VALUES (18, 'tenants', 'credittransaction');
INSERT INTO `django_content_type` (`id`, `app_label`, `model`) VALUES (19, 'tenants', 'systemsettings');
INSERT INTO `django_content_type` (`id`, `app_label`, `model`) VALUES (20, 'core', 'account');
INSERT INTO `django_content_type` (`id`, `app_label`, `model`) VALUES (21, 'core', 'contact');
INSERT INTO `django_content_type` (`id`, `app_label`, `model`) VALUES (22, 'core', 'transaction');
INSERT INTO `django_content_type` (`id`, `app_label`, `model`) VALUES (23, 'core', 'transactionline');
INSERT INTO `django_content_type` (`id`, `app_label`, `model`) VALUES (24, 'core', 'bankaccount');
INSERT INTO `django_content_type` (`id`, `app_label`, `model`) VALUES (25, 'core', 'bill');
INSERT INTO `django_content_type` (`id`, `app_label`, `model`) VALUES (26, 'core', 'invoice');
INSERT INTO `django_content_type` (`id`, `app_label`, `model`) VALUES (27, 'core', 'invoiceitem');
INSERT INTO `django_content_type` (`id`, `app_label`, `model`) VALUES (28, 'core', 'billitem');
INSERT INTO `django_content_type` (`id`, `app_label`, `model`) VALUES (29, 'core', 'payment');
INSERT INTO `django_content_type` (`id`, `app_label`, `model`) VALUES (30, 'core', 'companyprofile');
INSERT INTO `django_content_type` (`id`, `app_label`, `model`) VALUES (31, 'core', 'ownerequity');
INSERT INTO `django_content_type` (`id`, `app_label`, `model`) VALUES (32, 'core', 'fixedasset');
INSERT INTO `django_content_type` (`id`, `app_label`, `model`) VALUES (33, 'core', 'yearendsnapshot');
INSERT INTO `django_content_type` (`id`, `app_label`, `model`) VALUES (34, 'ai_documents', 'documentupload');
INSERT INTO `django_content_type` (`id`, `app_label`, `model`) VALUES (35, 'ai_documents', 'extracteddata');
INSERT INTO `django_content_type` (`id`, `app_label`, `model`) VALUES (36, 'ai_documents', 'bankstatementmetadata');
INSERT INTO `django_content_type` (`id`, `app_label`, `model`) VALUES (37, 'ai_documents', 'aimoduleconfig');
INSERT INTO `django_content_type` (`id`, `app_label`, `model`) VALUES (38, 'ai_documents', 'aiconversation');
INSERT INTO `django_content_type` (`id`, `app_label`, `model`) VALUES (39, 'ai_documents', 'bankstatementline');
INSERT INTO `django_content_type` (`id`, `app_label`, `model`) VALUES (40, 'ai_documents', 'aitokenusage');
INSERT INTO `django_content_type` (`id`, `app_label`, `model`) VALUES (41, 'ai_documents', 'chatattachment');
INSERT INTO `django_content_type` (`id`, `app_label`, `model`) VALUES (42, 'pos', 'sale');
INSERT INTO `django_content_type` (`id`, `app_label`, `model`) VALUES (43, 'pos', 'productcategory');
INSERT INTO `django_content_type` (`id`, `app_label`, `model`) VALUES (44, 'pos', 'product');
INSERT INTO `django_content_type` (`id`, `app_label`, `model`) VALUES (45, 'pos', 'inventorymovement');
INSERT INTO `django_content_type` (`id`, `app_label`, `model`) VALUES (46, 'pos', 'saleitem');
INSERT INTO `django_content_type` (`id`, `app_label`, `model`) VALUES (47, 'landing', 'contactsubmission');

-- Table: auth_permission
-- 188 rows

INSERT INTO `auth_permission` (`id`, `content_type_id`, `codename`, `name`) VALUES (1, 1, 'add_logentry', 'Can add log entry');
INSERT INTO `auth_permission` (`id`, `content_type_id`, `codename`, `name`) VALUES (2, 1, 'change_logentry', 'Can change log entry');
INSERT INTO `auth_permission` (`id`, `content_type_id`, `codename`, `name`) VALUES (3, 1, 'delete_logentry', 'Can delete log entry');
INSERT INTO `auth_permission` (`id`, `content_type_id`, `codename`, `name`) VALUES (4, 1, 'view_logentry', 'Can view log entry');
INSERT INTO `auth_permission` (`id`, `content_type_id`, `codename`, `name`) VALUES (5, 2, 'add_permission', 'Can add permission');
INSERT INTO `auth_permission` (`id`, `content_type_id`, `codename`, `name`) VALUES (6, 2, 'change_permission', 'Can change permission');
INSERT INTO `auth_permission` (`id`, `content_type_id`, `codename`, `name`) VALUES (7, 2, 'delete_permission', 'Can delete permission');
INSERT INTO `auth_permission` (`id`, `content_type_id`, `codename`, `name`) VALUES (8, 2, 'view_permission', 'Can view permission');
INSERT INTO `auth_permission` (`id`, `content_type_id`, `codename`, `name`) VALUES (9, 3, 'add_group', 'Can add group');
INSERT INTO `auth_permission` (`id`, `content_type_id`, `codename`, `name`) VALUES (10, 3, 'change_group', 'Can change group');
INSERT INTO `auth_permission` (`id`, `content_type_id`, `codename`, `name`) VALUES (11, 3, 'delete_group', 'Can delete group');
INSERT INTO `auth_permission` (`id`, `content_type_id`, `codename`, `name`) VALUES (12, 3, 'view_group', 'Can view group');
INSERT INTO `auth_permission` (`id`, `content_type_id`, `codename`, `name`) VALUES (13, 4, 'add_user', 'Can add user');
INSERT INTO `auth_permission` (`id`, `content_type_id`, `codename`, `name`) VALUES (14, 4, 'change_user', 'Can change user');
INSERT INTO `auth_permission` (`id`, `content_type_id`, `codename`, `name`) VALUES (15, 4, 'delete_user', 'Can delete user');
INSERT INTO `auth_permission` (`id`, `content_type_id`, `codename`, `name`) VALUES (16, 4, 'view_user', 'Can view user');
INSERT INTO `auth_permission` (`id`, `content_type_id`, `codename`, `name`) VALUES (17, 5, 'add_contenttype', 'Can add content type');
INSERT INTO `auth_permission` (`id`, `content_type_id`, `codename`, `name`) VALUES (18, 5, 'change_contenttype', 'Can change content type');
INSERT INTO `auth_permission` (`id`, `content_type_id`, `codename`, `name`) VALUES (19, 5, 'delete_contenttype', 'Can delete content type');
INSERT INTO `auth_permission` (`id`, `content_type_id`, `codename`, `name`) VALUES (20, 5, 'view_contenttype', 'Can view content type');
INSERT INTO `auth_permission` (`id`, `content_type_id`, `codename`, `name`) VALUES (21, 6, 'add_session', 'Can add session');
INSERT INTO `auth_permission` (`id`, `content_type_id`, `codename`, `name`) VALUES (22, 6, 'change_session', 'Can change session');
INSERT INTO `auth_permission` (`id`, `content_type_id`, `codename`, `name`) VALUES (23, 6, 'delete_session', 'Can delete session');
INSERT INTO `auth_permission` (`id`, `content_type_id`, `codename`, `name`) VALUES (24, 6, 'view_session', 'Can view session');
INSERT INTO `auth_permission` (`id`, `content_type_id`, `codename`, `name`) VALUES (25, 7, 'add_organization', 'Can add Organization');
INSERT INTO `auth_permission` (`id`, `content_type_id`, `codename`, `name`) VALUES (26, 7, 'change_organization', 'Can change Organization');
INSERT INTO `auth_permission` (`id`, `content_type_id`, `codename`, `name`) VALUES (27, 7, 'delete_organization', 'Can delete Organization');
INSERT INTO `auth_permission` (`id`, `content_type_id`, `codename`, `name`) VALUES (28, 7, 'view_organization', 'Can view Organization');
INSERT INTO `auth_permission` (`id`, `content_type_id`, `codename`, `name`) VALUES (29, 8, 'add_plan', 'Can add Subscription Plan');
INSERT INTO `auth_permission` (`id`, `content_type_id`, `codename`, `name`) VALUES (30, 8, 'change_plan', 'Can change Subscription Plan');
INSERT INTO `auth_permission` (`id`, `content_type_id`, `codename`, `name`) VALUES (31, 8, 'delete_plan', 'Can delete Subscription Plan');
INSERT INTO `auth_permission` (`id`, `content_type_id`, `codename`, `name`) VALUES (32, 8, 'view_plan', 'Can view Subscription Plan');
INSERT INTO `auth_permission` (`id`, `content_type_id`, `codename`, `name`) VALUES (33, 9, 'add_tenantuser', 'Can add Tenant User');
INSERT INTO `auth_permission` (`id`, `content_type_id`, `codename`, `name`) VALUES (34, 9, 'change_tenantuser', 'Can change Tenant User');
INSERT INTO `auth_permission` (`id`, `content_type_id`, `codename`, `name`) VALUES (35, 9, 'delete_tenantuser', 'Can delete Tenant User');
INSERT INTO `auth_permission` (`id`, `content_type_id`, `codename`, `name`) VALUES (36, 9, 'view_tenantuser', 'Can view Tenant User');
INSERT INTO `auth_permission` (`id`, `content_type_id`, `codename`, `name`) VALUES (37, 10, 'add_tenantsettings', 'Can add Invoice & Bill Settings');
INSERT INTO `auth_permission` (`id`, `content_type_id`, `codename`, `name`) VALUES (38, 10, 'change_tenantsettings', 'Can change Invoice & Bill Settings');
INSERT INTO `auth_permission` (`id`, `content_type_id`, `codename`, `name`) VALUES (39, 10, 'delete_tenantsettings', 'Can delete Invoice & Bill Settings');
INSERT INTO `auth_permission` (`id`, `content_type_id`, `codename`, `name`) VALUES (40, 10, 'view_tenantsettings', 'Can view Invoice & Bill Settings');
INSERT INTO `auth_permission` (`id`, `content_type_id`, `codename`, `name`) VALUES (41, 11, 'add_billinginvoice', 'Can add Billing Invoice');
INSERT INTO `auth_permission` (`id`, `content_type_id`, `codename`, `name`) VALUES (42, 11, 'change_billinginvoice', 'Can change Billing Invoice');
INSERT INTO `auth_permission` (`id`, `content_type_id`, `codename`, `name`) VALUES (43, 11, 'delete_billinginvoice', 'Can delete Billing Invoice');
INSERT INTO `auth_permission` (`id`, `content_type_id`, `codename`, `name`) VALUES (44, 11, 'view_billinginvoice', 'Can view Billing Invoice');
INSERT INTO `auth_permission` (`id`, `content_type_id`, `codename`, `name`) VALUES (45, 12, 'add_creditbalance', 'Can add Credit Balance');
INSERT INTO `auth_permission` (`id`, `content_type_id`, `codename`, `name`) VALUES (46, 12, 'change_creditbalance', 'Can change Credit Balance');
INSERT INTO `auth_permission` (`id`, `content_type_id`, `codename`, `name`) VALUES (47, 12, 'delete_creditbalance', 'Can delete Credit Balance');
INSERT INTO `auth_permission` (`id`, `content_type_id`, `codename`, `name`) VALUES (48, 12, 'view_creditbalance', 'Can view Credit Balance');
INSERT INTO `auth_permission` (`id`, `content_type_id`, `codename`, `name`) VALUES (49, 13, 'add_creditpackage', 'Can add Credit Package');
INSERT INTO `auth_permission` (`id`, `content_type_id`, `codename`, `name`) VALUES (50, 13, 'change_creditpackage', 'Can change Credit Package');
INSERT INTO `auth_permission` (`id`, `content_type_id`, `codename`, `name`) VALUES (51, 13, 'delete_creditpackage', 'Can delete Credit Package');
INSERT INTO `auth_permission` (`id`, `content_type_id`, `codename`, `name`) VALUES (52, 13, 'view_creditpackage', 'Can view Credit Package');
INSERT INTO `auth_permission` (`id`, `content_type_id`, `codename`, `name`) VALUES (53, 14, 'add_taxrate', 'Can add Tax Rate');
INSERT INTO `auth_permission` (`id`, `content_type_id`, `codename`, `name`) VALUES (54, 14, 'change_taxrate', 'Can change Tax Rate');
INSERT INTO `auth_permission` (`id`, `content_type_id`, `codename`, `name`) VALUES (55, 14, 'delete_taxrate', 'Can delete Tax Rate');
INSERT INTO `auth_permission` (`id`, `content_type_id`, `codename`, `name`) VALUES (56, 14, 'view_taxrate', 'Can view Tax Rate');
INSERT INTO `auth_permission` (`id`, `content_type_id`, `codename`, `name`) VALUES (57, 15, 'add_subscriptionhistory', 'Can add Subscription History');
INSERT INTO `auth_permission` (`id`, `content_type_id`, `codename`, `name`) VALUES (58, 15, 'change_subscriptionhistory', 'Can change Subscription History');
INSERT INTO `auth_permission` (`id`, `content_type_id`, `codename`, `name`) VALUES (59, 15, 'delete_subscriptionhistory', 'Can delete Subscription History');
INSERT INTO `auth_permission` (`id`, `content_type_id`, `codename`, `name`) VALUES (60, 15, 'view_subscriptionhistory', 'Can view Subscription History');
INSERT INTO `auth_permission` (`id`, `content_type_id`, `codename`, `name`) VALUES (61, 16, 'add_scheduledplanchange', 'Can add Scheduled Plan Change');
INSERT INTO `auth_permission` (`id`, `content_type_id`, `codename`, `name`) VALUES (62, 16, 'change_scheduledplanchange', 'Can change Scheduled Plan Change');
INSERT INTO `auth_permission` (`id`, `content_type_id`, `codename`, `name`) VALUES (63, 16, 'delete_scheduledplanchange', 'Can delete Scheduled Plan Change');
INSERT INTO `auth_permission` (`id`, `content_type_id`, `codename`, `name`) VALUES (64, 16, 'view_scheduledplanchange', 'Can view Scheduled Plan Change');
INSERT INTO `auth_permission` (`id`, `content_type_id`, `codename`, `name`) VALUES (65, 17, 'add_paymentretrylog', 'Can add Payment Retry Log');
INSERT INTO `auth_permission` (`id`, `content_type_id`, `codename`, `name`) VALUES (66, 17, 'change_paymentretrylog', 'Can change Payment Retry Log');
INSERT INTO `auth_permission` (`id`, `content_type_id`, `codename`, `name`) VALUES (67, 17, 'delete_paymentretrylog', 'Can delete Payment Retry Log');
INSERT INTO `auth_permission` (`id`, `content_type_id`, `codename`, `name`) VALUES (68, 17, 'view_paymentretrylog', 'Can view Payment Retry Log');
INSERT INTO `auth_permission` (`id`, `content_type_id`, `codename`, `name`) VALUES (69, 18, 'add_credittransaction', 'Can add Credit Transaction');
INSERT INTO `auth_permission` (`id`, `content_type_id`, `codename`, `name`) VALUES (70, 18, 'change_credittransaction', 'Can change Credit Transaction');
INSERT INTO `auth_permission` (`id`, `content_type_id`, `codename`, `name`) VALUES (71, 18, 'delete_credittransaction', 'Can delete Credit Transaction');
INSERT INTO `auth_permission` (`id`, `content_type_id`, `codename`, `name`) VALUES (72, 18, 'view_credittransaction', 'Can view Credit Transaction');
INSERT INTO `auth_permission` (`id`, `content_type_id`, `codename`, `name`) VALUES (73, 19, 'add_systemsettings', 'Can add System Settings');
INSERT INTO `auth_permission` (`id`, `content_type_id`, `codename`, `name`) VALUES (74, 19, 'change_systemsettings', 'Can change System Settings');
INSERT INTO `auth_permission` (`id`, `content_type_id`, `codename`, `name`) VALUES (75, 19, 'delete_systemsettings', 'Can delete System Settings');
INSERT INTO `auth_permission` (`id`, `content_type_id`, `codename`, `name`) VALUES (76, 19, 'view_systemsettings', 'Can view System Settings');
INSERT INTO `auth_permission` (`id`, `content_type_id`, `codename`, `name`) VALUES (77, 20, 'add_account', 'Can add Account');
INSERT INTO `auth_permission` (`id`, `content_type_id`, `codename`, `name`) VALUES (78, 20, 'change_account', 'Can change Account');
INSERT INTO `auth_permission` (`id`, `content_type_id`, `codename`, `name`) VALUES (79, 20, 'delete_account', 'Can delete Account');
INSERT INTO `auth_permission` (`id`, `content_type_id`, `codename`, `name`) VALUES (80, 20, 'view_account', 'Can view Account');
INSERT INTO `auth_permission` (`id`, `content_type_id`, `codename`, `name`) VALUES (81, 21, 'add_contact', 'Can add contact');
INSERT INTO `auth_permission` (`id`, `content_type_id`, `codename`, `name`) VALUES (82, 21, 'change_contact', 'Can change contact');
INSERT INTO `auth_permission` (`id`, `content_type_id`, `codename`, `name`) VALUES (83, 21, 'delete_contact', 'Can delete contact');
INSERT INTO `auth_permission` (`id`, `content_type_id`, `codename`, `name`) VALUES (84, 21, 'view_contact', 'Can view contact');
INSERT INTO `auth_permission` (`id`, `content_type_id`, `codename`, `name`) VALUES (85, 22, 'add_transaction', 'Can add transaction');
INSERT INTO `auth_permission` (`id`, `content_type_id`, `codename`, `name`) VALUES (86, 22, 'change_transaction', 'Can change transaction');
INSERT INTO `auth_permission` (`id`, `content_type_id`, `codename`, `name`) VALUES (87, 22, 'delete_transaction', 'Can delete transaction');
INSERT INTO `auth_permission` (`id`, `content_type_id`, `codename`, `name`) VALUES (88, 22, 'view_transaction', 'Can view transaction');
INSERT INTO `auth_permission` (`id`, `content_type_id`, `codename`, `name`) VALUES (89, 23, 'add_transactionline', 'Can add transaction line');
INSERT INTO `auth_permission` (`id`, `content_type_id`, `codename`, `name`) VALUES (90, 23, 'change_transactionline', 'Can change transaction line');
INSERT INTO `auth_permission` (`id`, `content_type_id`, `codename`, `name`) VALUES (91, 23, 'delete_transactionline', 'Can delete transaction line');
INSERT INTO `auth_permission` (`id`, `content_type_id`, `codename`, `name`) VALUES (92, 23, 'view_transactionline', 'Can view transaction line');
INSERT INTO `auth_permission` (`id`, `content_type_id`, `codename`, `name`) VALUES (93, 24, 'add_bankaccount', 'Can add bank account');
INSERT INTO `auth_permission` (`id`, `content_type_id`, `codename`, `name`) VALUES (94, 24, 'change_bankaccount', 'Can change bank account');
INSERT INTO `auth_permission` (`id`, `content_type_id`, `codename`, `name`) VALUES (95, 24, 'delete_bankaccount', 'Can delete bank account');
INSERT INTO `auth_permission` (`id`, `content_type_id`, `codename`, `name`) VALUES (96, 24, 'view_bankaccount', 'Can view bank account');
INSERT INTO `auth_permission` (`id`, `content_type_id`, `codename`, `name`) VALUES (97, 25, 'add_bill', 'Can add bill');
INSERT INTO `auth_permission` (`id`, `content_type_id`, `codename`, `name`) VALUES (98, 25, 'change_bill', 'Can change bill');
INSERT INTO `auth_permission` (`id`, `content_type_id`, `codename`, `name`) VALUES (99, 25, 'delete_bill', 'Can delete bill');
INSERT INTO `auth_permission` (`id`, `content_type_id`, `codename`, `name`) VALUES (100, 25, 'view_bill', 'Can view bill');
INSERT INTO `auth_permission` (`id`, `content_type_id`, `codename`, `name`) VALUES (101, 26, 'add_invoice', 'Can add invoice');
INSERT INTO `auth_permission` (`id`, `content_type_id`, `codename`, `name`) VALUES (102, 26, 'change_invoice', 'Can change invoice');
INSERT INTO `auth_permission` (`id`, `content_type_id`, `codename`, `name`) VALUES (103, 26, 'delete_invoice', 'Can delete invoice');
INSERT INTO `auth_permission` (`id`, `content_type_id`, `codename`, `name`) VALUES (104, 26, 'view_invoice', 'Can view invoice');
INSERT INTO `auth_permission` (`id`, `content_type_id`, `codename`, `name`) VALUES (105, 27, 'add_invoiceitem', 'Can add invoice item');
INSERT INTO `auth_permission` (`id`, `content_type_id`, `codename`, `name`) VALUES (106, 27, 'change_invoiceitem', 'Can change invoice item');
INSERT INTO `auth_permission` (`id`, `content_type_id`, `codename`, `name`) VALUES (107, 27, 'delete_invoiceitem', 'Can delete invoice item');
INSERT INTO `auth_permission` (`id`, `content_type_id`, `codename`, `name`) VALUES (108, 27, 'view_invoiceitem', 'Can view invoice item');
INSERT INTO `auth_permission` (`id`, `content_type_id`, `codename`, `name`) VALUES (109, 28, 'add_billitem', 'Can add bill item');
INSERT INTO `auth_permission` (`id`, `content_type_id`, `codename`, `name`) VALUES (110, 28, 'change_billitem', 'Can change bill item');
INSERT INTO `auth_permission` (`id`, `content_type_id`, `codename`, `name`) VALUES (111, 28, 'delete_billitem', 'Can delete bill item');
INSERT INTO `auth_permission` (`id`, `content_type_id`, `codename`, `name`) VALUES (112, 28, 'view_billitem', 'Can view bill item');
INSERT INTO `auth_permission` (`id`, `content_type_id`, `codename`, `name`) VALUES (113, 29, 'add_payment', 'Can add payment');
INSERT INTO `auth_permission` (`id`, `content_type_id`, `codename`, `name`) VALUES (114, 29, 'change_payment', 'Can change payment');
INSERT INTO `auth_permission` (`id`, `content_type_id`, `codename`, `name`) VALUES (115, 29, 'delete_payment', 'Can delete payment');
INSERT INTO `auth_permission` (`id`, `content_type_id`, `codename`, `name`) VALUES (116, 29, 'view_payment', 'Can view payment');
INSERT INTO `auth_permission` (`id`, `content_type_id`, `codename`, `name`) VALUES (117, 30, 'add_companyprofile', 'Can add Company Profile');
INSERT INTO `auth_permission` (`id`, `content_type_id`, `codename`, `name`) VALUES (118, 30, 'change_companyprofile', 'Can change Company Profile');
INSERT INTO `auth_permission` (`id`, `content_type_id`, `codename`, `name`) VALUES (119, 30, 'delete_companyprofile', 'Can delete Company Profile');
INSERT INTO `auth_permission` (`id`, `content_type_id`, `codename`, `name`) VALUES (120, 30, 'view_companyprofile', 'Can view Company Profile');
INSERT INTO `auth_permission` (`id`, `content_type_id`, `codename`, `name`) VALUES (121, 31, 'add_ownerequity', 'Can add Owner Equity');
INSERT INTO `auth_permission` (`id`, `content_type_id`, `codename`, `name`) VALUES (122, 31, 'change_ownerequity', 'Can change Owner Equity');
INSERT INTO `auth_permission` (`id`, `content_type_id`, `codename`, `name`) VALUES (123, 31, 'delete_ownerequity', 'Can delete Owner Equity');
INSERT INTO `auth_permission` (`id`, `content_type_id`, `codename`, `name`) VALUES (124, 31, 'view_ownerequity', 'Can view Owner Equity');
INSERT INTO `auth_permission` (`id`, `content_type_id`, `codename`, `name`) VALUES (125, 32, 'add_fixedasset', 'Can add Fixed Asset');
INSERT INTO `auth_permission` (`id`, `content_type_id`, `codename`, `name`) VALUES (126, 32, 'change_fixedasset', 'Can change Fixed Asset');
INSERT INTO `auth_permission` (`id`, `content_type_id`, `codename`, `name`) VALUES (127, 32, 'delete_fixedasset', 'Can delete Fixed Asset');
INSERT INTO `auth_permission` (`id`, `content_type_id`, `codename`, `name`) VALUES (128, 32, 'view_fixedasset', 'Can view Fixed Asset');
INSERT INTO `auth_permission` (`id`, `content_type_id`, `codename`, `name`) VALUES (129, 33, 'add_yearendsnapshot', 'Can add Year-End Snapshot');
INSERT INTO `auth_permission` (`id`, `content_type_id`, `codename`, `name`) VALUES (130, 33, 'change_yearendsnapshot', 'Can change Year-End Snapshot');
INSERT INTO `auth_permission` (`id`, `content_type_id`, `codename`, `name`) VALUES (131, 33, 'delete_yearendsnapshot', 'Can delete Year-End Snapshot');
INSERT INTO `auth_permission` (`id`, `content_type_id`, `codename`, `name`) VALUES (132, 33, 'view_yearendsnapshot', 'Can view Year-End Snapshot');
INSERT INTO `auth_permission` (`id`, `content_type_id`, `codename`, `name`) VALUES (133, 34, 'add_documentupload', 'Can add Document Upload');
INSERT INTO `auth_permission` (`id`, `content_type_id`, `codename`, `name`) VALUES (134, 34, 'change_documentupload', 'Can change Document Upload');
INSERT INTO `auth_permission` (`id`, `content_type_id`, `codename`, `name`) VALUES (135, 34, 'delete_documentupload', 'Can delete Document Upload');
INSERT INTO `auth_permission` (`id`, `content_type_id`, `codename`, `name`) VALUES (136, 34, 'view_documentupload', 'Can view Document Upload');
INSERT INTO `auth_permission` (`id`, `content_type_id`, `codename`, `name`) VALUES (137, 35, 'add_extracteddata', 'Can add Extracted Data');
INSERT INTO `auth_permission` (`id`, `content_type_id`, `codename`, `name`) VALUES (138, 35, 'change_extracteddata', 'Can change Extracted Data');
INSERT INTO `auth_permission` (`id`, `content_type_id`, `codename`, `name`) VALUES (139, 35, 'delete_extracteddata', 'Can delete Extracted Data');
INSERT INTO `auth_permission` (`id`, `content_type_id`, `codename`, `name`) VALUES (140, 35, 'view_extracteddata', 'Can view Extracted Data');
INSERT INTO `auth_permission` (`id`, `content_type_id`, `codename`, `name`) VALUES (141, 36, 'add_bankstatementmetadata', 'Can add Bank Statement Metadata');
INSERT INTO `auth_permission` (`id`, `content_type_id`, `codename`, `name`) VALUES (142, 36, 'change_bankstatementmetadata', 'Can change Bank Statement Metadata');
INSERT INTO `auth_permission` (`id`, `content_type_id`, `codename`, `name`) VALUES (143, 36, 'delete_bankstatementmetadata', 'Can delete Bank Statement Metadata');
INSERT INTO `auth_permission` (`id`, `content_type_id`, `codename`, `name`) VALUES (144, 36, 'view_bankstatementmetadata', 'Can view Bank Statement Metadata');
INSERT INTO `auth_permission` (`id`, `content_type_id`, `codename`, `name`) VALUES (145, 37, 'add_aimoduleconfig', 'Can add AI Module Configuration');
INSERT INTO `auth_permission` (`id`, `content_type_id`, `codename`, `name`) VALUES (146, 37, 'change_aimoduleconfig', 'Can change AI Module Configuration');
INSERT INTO `auth_permission` (`id`, `content_type_id`, `codename`, `name`) VALUES (147, 37, 'delete_aimoduleconfig', 'Can delete AI Module Configuration');
INSERT INTO `auth_permission` (`id`, `content_type_id`, `codename`, `name`) VALUES (148, 37, 'view_aimoduleconfig', 'Can view AI Module Configuration');
INSERT INTO `auth_permission` (`id`, `content_type_id`, `codename`, `name`) VALUES (149, 38, 'add_aiconversation', 'Can add AI Conversation');
INSERT INTO `auth_permission` (`id`, `content_type_id`, `codename`, `name`) VALUES (150, 38, 'change_aiconversation', 'Can change AI Conversation');
INSERT INTO `auth_permission` (`id`, `content_type_id`, `codename`, `name`) VALUES (151, 38, 'delete_aiconversation', 'Can delete AI Conversation');
INSERT INTO `auth_permission` (`id`, `content_type_id`, `codename`, `name`) VALUES (152, 38, 'view_aiconversation', 'Can view AI Conversation');
INSERT INTO `auth_permission` (`id`, `content_type_id`, `codename`, `name`) VALUES (153, 39, 'add_bankstatementline', 'Can add Bank Statement Line');
INSERT INTO `auth_permission` (`id`, `content_type_id`, `codename`, `name`) VALUES (154, 39, 'change_bankstatementline', 'Can change Bank Statement Line');
INSERT INTO `auth_permission` (`id`, `content_type_id`, `codename`, `name`) VALUES (155, 39, 'delete_bankstatementline', 'Can delete Bank Statement Line');
INSERT INTO `auth_permission` (`id`, `content_type_id`, `codename`, `name`) VALUES (156, 39, 'view_bankstatementline', 'Can view Bank Statement Line');
INSERT INTO `auth_permission` (`id`, `content_type_id`, `codename`, `name`) VALUES (157, 40, 'add_aitokenusage', 'Can add AI Token Usage');
INSERT INTO `auth_permission` (`id`, `content_type_id`, `codename`, `name`) VALUES (158, 40, 'change_aitokenusage', 'Can change AI Token Usage');
INSERT INTO `auth_permission` (`id`, `content_type_id`, `codename`, `name`) VALUES (159, 40, 'delete_aitokenusage', 'Can delete AI Token Usage');
INSERT INTO `auth_permission` (`id`, `content_type_id`, `codename`, `name`) VALUES (160, 40, 'view_aitokenusage', 'Can view AI Token Usage');
INSERT INTO `auth_permission` (`id`, `content_type_id`, `codename`, `name`) VALUES (161, 41, 'add_chatattachment', 'Can add Chat Attachment');
INSERT INTO `auth_permission` (`id`, `content_type_id`, `codename`, `name`) VALUES (162, 41, 'change_chatattachment', 'Can change Chat Attachment');
INSERT INTO `auth_permission` (`id`, `content_type_id`, `codename`, `name`) VALUES (163, 41, 'delete_chatattachment', 'Can delete Chat Attachment');
INSERT INTO `auth_permission` (`id`, `content_type_id`, `codename`, `name`) VALUES (164, 41, 'view_chatattachment', 'Can view Chat Attachment');
INSERT INTO `auth_permission` (`id`, `content_type_id`, `codename`, `name`) VALUES (165, 42, 'add_sale', 'Can add POS Sale');
INSERT INTO `auth_permission` (`id`, `content_type_id`, `codename`, `name`) VALUES (166, 42, 'change_sale', 'Can change POS Sale');
INSERT INTO `auth_permission` (`id`, `content_type_id`, `codename`, `name`) VALUES (167, 42, 'delete_sale', 'Can delete POS Sale');
INSERT INTO `auth_permission` (`id`, `content_type_id`, `codename`, `name`) VALUES (168, 42, 'view_sale', 'Can view POS Sale');
INSERT INTO `auth_permission` (`id`, `content_type_id`, `codename`, `name`) VALUES (169, 43, 'add_productcategory', 'Can add Product Category');
INSERT INTO `auth_permission` (`id`, `content_type_id`, `codename`, `name`) VALUES (170, 43, 'change_productcategory', 'Can change Product Category');
INSERT INTO `auth_permission` (`id`, `content_type_id`, `codename`, `name`) VALUES (171, 43, 'delete_productcategory', 'Can delete Product Category');
INSERT INTO `auth_permission` (`id`, `content_type_id`, `codename`, `name`) VALUES (172, 43, 'view_productcategory', 'Can view Product Category');
INSERT INTO `auth_permission` (`id`, `content_type_id`, `codename`, `name`) VALUES (173, 44, 'add_product', 'Can add Product');
INSERT INTO `auth_permission` (`id`, `content_type_id`, `codename`, `name`) VALUES (174, 44, 'change_product', 'Can change Product');
INSERT INTO `auth_permission` (`id`, `content_type_id`, `codename`, `name`) VALUES (175, 44, 'delete_product', 'Can delete Product');
INSERT INTO `auth_permission` (`id`, `content_type_id`, `codename`, `name`) VALUES (176, 44, 'view_product', 'Can view Product');
INSERT INTO `auth_permission` (`id`, `content_type_id`, `codename`, `name`) VALUES (177, 45, 'add_inventorymovement', 'Can add Inventory Movement');
INSERT INTO `auth_permission` (`id`, `content_type_id`, `codename`, `name`) VALUES (178, 45, 'change_inventorymovement', 'Can change Inventory Movement');
INSERT INTO `auth_permission` (`id`, `content_type_id`, `codename`, `name`) VALUES (179, 45, 'delete_inventorymovement', 'Can delete Inventory Movement');
INSERT INTO `auth_permission` (`id`, `content_type_id`, `codename`, `name`) VALUES (180, 45, 'view_inventorymovement', 'Can view Inventory Movement');
INSERT INTO `auth_permission` (`id`, `content_type_id`, `codename`, `name`) VALUES (181, 46, 'add_saleitem', 'Can add sale item');
INSERT INTO `auth_permission` (`id`, `content_type_id`, `codename`, `name`) VALUES (182, 46, 'change_saleitem', 'Can change sale item');
INSERT INTO `auth_permission` (`id`, `content_type_id`, `codename`, `name`) VALUES (183, 46, 'delete_saleitem', 'Can delete sale item');
INSERT INTO `auth_permission` (`id`, `content_type_id`, `codename`, `name`) VALUES (184, 46, 'view_saleitem', 'Can view sale item');
INSERT INTO `auth_permission` (`id`, `content_type_id`, `codename`, `name`) VALUES (185, 47, 'add_contactsubmission', 'Can add Contact Submission');
INSERT INTO `auth_permission` (`id`, `content_type_id`, `codename`, `name`) VALUES (186, 47, 'change_contactsubmission', 'Can change Contact Submission');
INSERT INTO `auth_permission` (`id`, `content_type_id`, `codename`, `name`) VALUES (187, 47, 'delete_contactsubmission', 'Can delete Contact Submission');
INSERT INTO `auth_permission` (`id`, `content_type_id`, `codename`, `name`) VALUES (188, 47, 'view_contactsubmission', 'Can view Contact Submission');

-- Table: tenants_creditbalance
-- 1 rows

INSERT INTO `tenants_creditbalance` (`organization_id`, `total_credits`, `used_credits`, `available_credits`, `low_balance_threshold`, `low_balance_notified`, `last_updated`) VALUES (2, 0, 0, 0, 10000, 0, '2026-01-02 13:43:34.396752');

-- Table: tenants_organization
-- 2 rows

INSERT INTO `tenants_organization` (`id`, `name`, `slug`, `business_registration_no`, `tax_id`, `address`, `city`, `state`, `postcode`, `country`, `phone`, `email`, `website`, `subscription_status`, `trial_ends_at`, `subscription_starts_at`, `subscription_ends_at`, `max_users`, `max_transactions_per_month`, `currency`, `currency_symbol`, `timezone`, `date_format`, `is_active`, `created_at`, `updated_at`, `owner_id`, `current_plan_id`, `owner_name`, `owner_ic_no`, `business_activity_code`, `tax_reference_no`, `accounting_period_start`, `accounting_period_end`, `stripe_customer_id`) VALUES (1, 'Default Organization', 'default', '', '', '', '', '', '', 'Malaysia', '', '', '', 'TRIAL', NULL, NULL, NULL, 3, 100, 'MYR', 'RM', 'Asia/Kuala_Lumpur', 'd/m/Y', 1, '2026-01-02 13:32:35.990427', '2026-01-02 13:32:35.990478', NULL, NULL, '', '', '', '', NULL, NULL, '');
INSERT INTO `tenants_organization` (`id`, `name`, `slug`, `business_registration_no`, `tax_id`, `address`, `city`, `state`, `postcode`, `country`, `phone`, `email`, `website`, `subscription_status`, `trial_ends_at`, `subscription_starts_at`, `subscription_ends_at`, `max_users`, `max_transactions_per_month`, `currency`, `currency_symbol`, `timezone`, `date_format`, `is_active`, `created_at`, `updated_at`, `owner_id`, `current_plan_id`, `owner_name`, `owner_ic_no`, `business_activity_code`, `tax_reference_no`, `accounting_period_start`, `accounting_period_end`, `stripe_customer_id`) VALUES (2, 'czara exclusive enterprise', 'czara-exclusive-enterprise', '', '', '', '', '', '', 'Malaysia', '0139451257', 'czaraexclusive@gmail.com', '', 'TRIAL', '2026-01-16 13:42:53.366034', NULL, NULL, 3, 100, 'MYR', 'RM', 'Asia/Kuala_Lumpur', 'd/m/Y', 1, '2026-01-02 13:42:53.366411', '2026-01-02 13:42:53.366424', 2, NULL, '', '', '', '', NULL, NULL, '');

-- Table: core_account
-- 63 rows

INSERT INTO `core_account` (`id`, `name`, `name_bm`, `account_type`, `description`, `is_active`, `created_at`, `updated_at`, `organization_id`, `code`) VALUES (1, 'Cash on Hand', 'Tunai di Tangan', 'ASSET', 'Physical cash', 1, '2026-01-02 13:42:53.384969', '2026-01-02 13:42:53.385002', 2, '1000');
INSERT INTO `core_account` (`id`, `name`, `name_bm`, `account_type`, `description`, `is_active`, `created_at`, `updated_at`, `organization_id`, `code`) VALUES (2, 'Petty Cash', 'Wang Runcit', 'ASSET', 'Small cash for minor expenses', 1, '2026-01-02 13:42:53.385043', '2026-01-02 13:42:53.385058', 2, '1010');
INSERT INTO `core_account` (`id`, `name`, `name_bm`, `account_type`, `description`, `is_active`, `created_at`, `updated_at`, `organization_id`, `code`) VALUES (3, 'Bank - Current Account', 'Bank - Akaun Semasa', 'ASSET', 'Business current account', 1, '2026-01-02 13:42:53.385096', '2026-01-02 13:42:53.385109', 2, '1100');
INSERT INTO `core_account` (`id`, `name`, `name_bm`, `account_type`, `description`, `is_active`, `created_at`, `updated_at`, `organization_id`, `code`) VALUES (4, 'Bank - Savings Account', 'Bank - Akaun Simpanan', 'ASSET', 'Business savings account', 1, '2026-01-02 13:42:53.385145', '2026-01-02 13:42:53.385159', 2, '1110');
INSERT INTO `core_account` (`id`, `name`, `name_bm`, `account_type`, `description`, `is_active`, `created_at`, `updated_at`, `organization_id`, `code`) VALUES (5, 'Accounts Receivable - Trade', 'Akaun Belum Terima - Dagangan', 'ASSET', 'Money owed by customers', 1, '2026-01-02 13:42:53.385192', '2026-01-02 13:42:53.385205', 2, '1200');
INSERT INTO `core_account` (`id`, `name`, `name_bm`, `account_type`, `description`, `is_active`, `created_at`, `updated_at`, `organization_id`, `code`) VALUES (6, 'Allowance for Doubtful Debts', 'Peruntukan Hutang Ragu', 'ASSET', 'Provision for bad debts', 1, '2026-01-02 13:42:53.385240', '2026-01-02 13:42:53.385254', 2, '1210');
INSERT INTO `core_account` (`id`, `name`, `name_bm`, `account_type`, `description`, `is_active`, `created_at`, `updated_at`, `organization_id`, `code`) VALUES (7, 'Inventory - Raw Materials', 'Inventori - Bahan Mentah', 'ASSET', 'Raw materials stock', 1, '2026-01-02 13:42:53.385287', '2026-01-02 13:42:53.385299', 2, '1300');
INSERT INTO `core_account` (`id`, `name`, `name_bm`, `account_type`, `description`, `is_active`, `created_at`, `updated_at`, `organization_id`, `code`) VALUES (8, 'Inventory - Finished Goods', 'Inventori - Barang Siap', 'ASSET', 'Finished goods ready for sale', 1, '2026-01-02 13:42:53.385332', '2026-01-02 13:42:53.385345', 2, '1310');
INSERT INTO `core_account` (`id`, `name`, `name_bm`, `account_type`, `description`, `is_active`, `created_at`, `updated_at`, `organization_id`, `code`) VALUES (9, 'Prepaid Expenses', 'Perbelanjaan Prabayar', 'ASSET', 'Expenses paid in advance', 1, '2026-01-02 13:42:53.385378', '2026-01-02 13:42:53.385391', 2, '1400');
INSERT INTO `core_account` (`id`, `name`, `name_bm`, `account_type`, `description`, `is_active`, `created_at`, `updated_at`, `organization_id`, `code`) VALUES (10, 'Fixed Deposit', 'Deposit Tetap', 'ASSET', 'Fixed deposit investments', 1, '2026-01-02 13:42:53.385424', '2026-01-02 13:42:53.385438', 2, '1500');
INSERT INTO `core_account` (`id`, `name`, `name_bm`, `account_type`, `description`, `is_active`, `created_at`, `updated_at`, `organization_id`, `code`) VALUES (11, 'Property, Plant & Equipment', 'Hartanah, Loji & Peralatan', 'ASSET', 'Fixed assets', 1, '2026-01-02 13:42:53.385476', '2026-01-02 13:42:53.385490', 2, '1600');
INSERT INTO `core_account` (`id`, `name`, `name_bm`, `account_type`, `description`, `is_active`, `created_at`, `updated_at`, `organization_id`, `code`) VALUES (12, 'Motor Vehicles', 'Kenderaan Bermotor', 'ASSET', 'Company vehicles', 1, '2026-01-02 13:42:53.385524', '2026-01-02 13:42:53.385536', 2, '1610');
INSERT INTO `core_account` (`id`, `name`, `name_bm`, `account_type`, `description`, `is_active`, `created_at`, `updated_at`, `organization_id`, `code`) VALUES (13, 'Office Equipment', 'Peralatan Pejabat', 'ASSET', 'Computers, printers, furniture', 1, '2026-01-02 13:42:53.385567', '2026-01-02 13:42:53.385580', 2, '1620');
INSERT INTO `core_account` (`id`, `name`, `name_bm`, `account_type`, `description`, `is_active`, `created_at`, `updated_at`, `organization_id`, `code`) VALUES (14, 'Accumulated Depreciation', 'Susut Nilai Terkumpul', 'ASSET', 'Depreciation of fixed assets', 1, '2026-01-02 13:42:53.385611', '2026-01-02 13:42:53.385623', 2, '1630');
INSERT INTO `core_account` (`id`, `name`, `name_bm`, `account_type`, `description`, `is_active`, `created_at`, `updated_at`, `organization_id`, `code`) VALUES (15, 'Accounts Payable - Trade', 'Akaun Belum Bayar - Dagangan', 'LIABILITY', 'Money owed to suppliers', 1, '2026-01-02 13:42:53.385654', '2026-01-02 13:42:53.385666', 2, '2000');
INSERT INTO `core_account` (`id`, `name`, `name_bm`, `account_type`, `description`, `is_active`, `created_at`, `updated_at`, `organization_id`, `code`) VALUES (16, 'Accrued Expenses', 'Perbelanjaan Terakru', 'LIABILITY', 'Expenses incurred but not yet paid', 1, '2026-01-02 13:42:53.385697', '2026-01-02 13:42:53.385709', 2, '2010');
INSERT INTO `core_account` (`id`, `name`, `name_bm`, `account_type`, `description`, `is_active`, `created_at`, `updated_at`, `organization_id`, `code`) VALUES (17, 'SST Payable', 'SST Perlu Dibayar', 'LIABILITY', 'Sales and Service Tax payable', 1, '2026-01-02 13:42:53.385740', '2026-01-02 13:42:53.385752', 2, '2100');
INSERT INTO `core_account` (`id`, `name`, `name_bm`, `account_type`, `description`, `is_active`, `created_at`, `updated_at`, `organization_id`, `code`) VALUES (18, 'Income Tax Payable', 'Cukai Pendapatan Perlu Dibayar', 'LIABILITY', 'Corporate tax payable to LHDN', 1, '2026-01-02 13:42:53.385783', '2026-01-02 13:42:53.385795', 2, '2110');
INSERT INTO `core_account` (`id`, `name`, `name_bm`, `account_type`, `description`, `is_active`, `created_at`, `updated_at`, `organization_id`, `code`) VALUES (19, 'EPF Payable', 'KWSP Perlu Dibayar', 'LIABILITY', 'Employee Provident Fund payable', 1, '2026-01-02 13:42:53.385826', '2026-01-02 13:42:53.385838', 2, '2200');
INSERT INTO `core_account` (`id`, `name`, `name_bm`, `account_type`, `description`, `is_active`, `created_at`, `updated_at`, `organization_id`, `code`) VALUES (20, 'SOCSO Payable', 'PERKESO Perlu Dibayar', 'LIABILITY', 'Social Security payable', 1, '2026-01-02 13:42:53.385869', '2026-01-02 13:42:53.385881', 2, '2210');
INSERT INTO `core_account` (`id`, `name`, `name_bm`, `account_type`, `description`, `is_active`, `created_at`, `updated_at`, `organization_id`, `code`) VALUES (21, 'EIS Payable', 'SIP Perlu Dibayar', 'LIABILITY', 'Employment Insurance System payable', 1, '2026-01-02 13:42:53.385913', '2026-01-02 13:42:53.385925', 2, '2220');
INSERT INTO `core_account` (`id`, `name`, `name_bm`, `account_type`, `description`, `is_active`, `created_at`, `updated_at`, `organization_id`, `code`) VALUES (22, 'PCB/MTD Payable', 'PCB/MTD Perlu Dibayar', 'LIABILITY', 'Monthly Tax Deduction payable', 1, '2026-01-02 13:42:53.385956', '2026-01-02 13:42:53.385968', 2, '2230');
INSERT INTO `core_account` (`id`, `name`, `name_bm`, `account_type`, `description`, `is_active`, `created_at`, `updated_at`, `organization_id`, `code`) VALUES (23, 'Short-term Loan', 'Pinjaman Jangka Pendek', 'LIABILITY', 'Loans payable within 1 year', 1, '2026-01-02 13:42:53.386000', '2026-01-02 13:42:53.386012', 2, '2300');
INSERT INTO `core_account` (`id`, `name`, `name_bm`, `account_type`, `description`, `is_active`, `created_at`, `updated_at`, `organization_id`, `code`) VALUES (24, 'Long-term Loan', 'Pinjaman Jangka Panjang', 'LIABILITY', 'Loans payable after 1 year', 1, '2026-01-02 13:42:53.386043', '2026-01-02 13:42:53.386055', 2, '2400');
INSERT INTO `core_account` (`id`, `name`, `name_bm`, `account_type`, `description`, `is_active`, `created_at`, `updated_at`, `organization_id`, `code`) VALUES (25, 'Hire Purchase Payable', 'Belian Ansuran Perlu Dibayar', 'LIABILITY', 'Vehicle/equipment hire purchase', 1, '2026-01-02 13:42:53.386086', '2026-01-02 13:42:53.386098', 2, '2410');
INSERT INTO `core_account` (`id`, `name`, `name_bm`, `account_type`, `description`, `is_active`, `created_at`, `updated_at`, `organization_id`, `code`) VALUES (26, 'Share Capital', 'Modal Saham', 'EQUITY', 'Company share capital', 1, '2026-01-02 13:42:53.386131', '2026-01-02 13:42:53.386144', 2, '3000');
INSERT INTO `core_account` (`id`, `name`, `name_bm`, `account_type`, `description`, `is_active`, `created_at`, `updated_at`, `organization_id`, `code`) VALUES (27, 'Retained Earnings', 'Pendapatan Tertahan', 'EQUITY', 'Accumulated profits', 1, '2026-01-02 13:42:53.386175', '2026-01-02 13:42:53.386187', 2, '3100');
INSERT INTO `core_account` (`id`, `name`, `name_bm`, `account_type`, `description`, `is_active`, `created_at`, `updated_at`, `organization_id`, `code`) VALUES (28, 'Current Year Earnings', 'Pendapatan Tahun Semasa', 'EQUITY', 'Current year profit/loss', 1, '2026-01-02 13:42:53.386218', '2026-01-02 13:42:53.386230', 2, '3200');
INSERT INTO `core_account` (`id`, `name`, `name_bm`, `account_type`, `description`, `is_active`, `created_at`, `updated_at`, `organization_id`, `code`) VALUES (29, 'Drawings', 'Ambilan Pemilik', 'EQUITY', 'Owner withdrawals', 1, '2026-01-02 13:42:53.386261', '2026-01-02 13:42:53.386273', 2, '3300');
INSERT INTO `core_account` (`id`, `name`, `name_bm`, `account_type`, `description`, `is_active`, `created_at`, `updated_at`, `organization_id`, `code`) VALUES (30, 'Sales Revenue - Goods', 'Hasil Jualan - Barang', 'INCOME', 'Revenue from sale of goods', 1, '2026-01-02 13:42:53.386304', '2026-01-02 13:42:53.386316', 2, '4000');
INSERT INTO `core_account` (`id`, `name`, `name_bm`, `account_type`, `description`, `is_active`, `created_at`, `updated_at`, `organization_id`, `code`) VALUES (31, 'Service Revenue', 'Hasil Perkhidmatan', 'INCOME', 'Revenue from services provided', 1, '2026-01-02 13:42:53.386347', '2026-01-02 13:42:53.386359', 2, '4100');
INSERT INTO `core_account` (`id`, `name`, `name_bm`, `account_type`, `description`, `is_active`, `created_at`, `updated_at`, `organization_id`, `code`) VALUES (32, 'Interest Income', 'Pendapatan Faedah', 'INCOME', 'Interest from deposits', 1, '2026-01-02 13:42:53.386390', '2026-01-02 13:42:53.386402', 2, '4200');
INSERT INTO `core_account` (`id`, `name`, `name_bm`, `account_type`, `description`, `is_active`, `created_at`, `updated_at`, `organization_id`, `code`) VALUES (33, 'Rental Income', 'Pendapatan Sewa', 'INCOME', 'Rental income', 1, '2026-01-02 13:42:53.386433', '2026-01-02 13:42:53.386445', 2, '4300');
INSERT INTO `core_account` (`id`, `name`, `name_bm`, `account_type`, `description`, `is_active`, `created_at`, `updated_at`, `organization_id`, `code`) VALUES (34, 'Commission Income', 'Pendapatan Komisen', 'INCOME', 'Commission earned', 1, '2026-01-02 13:42:53.386476', '2026-01-02 13:42:53.386488', 2, '4400');
INSERT INTO `core_account` (`id`, `name`, `name_bm`, `account_type`, `description`, `is_active`, `created_at`, `updated_at`, `organization_id`, `code`) VALUES (35, 'Other Income', 'Pendapatan Lain', 'INCOME', 'Miscellaneous income', 1, '2026-01-02 13:42:53.386519', '2026-01-02 13:42:53.386531', 2, '4900');
INSERT INTO `core_account` (`id`, `name`, `name_bm`, `account_type`, `description`, `is_active`, `created_at`, `updated_at`, `organization_id`, `code`) VALUES (36, 'Cost of Goods Sold', 'Kos Barang Dijual', 'EXPENSE', 'Direct cost of products sold', 1, '2026-01-02 13:42:53.386562', '2026-01-02 13:42:53.386574', 2, '5000');
INSERT INTO `core_account` (`id`, `name`, `name_bm`, `account_type`, `description`, `is_active`, `created_at`, `updated_at`, `organization_id`, `code`) VALUES (37, 'Purchases', 'Belian', 'EXPENSE', 'Purchase of goods for resale', 1, '2026-01-02 13:42:53.386605', '2026-01-02 13:42:53.386617', 2, '5010');
INSERT INTO `core_account` (`id`, `name`, `name_bm`, `account_type`, `description`, `is_active`, `created_at`, `updated_at`, `organization_id`, `code`) VALUES (38, 'Freight & Delivery', 'Kos Penghantaran', 'EXPENSE', 'Delivery and shipping costs', 1, '2026-01-02 13:42:53.386648', '2026-01-02 13:42:53.386673', 2, '5020');
INSERT INTO `core_account` (`id`, `name`, `name_bm`, `account_type`, `description`, `is_active`, `created_at`, `updated_at`, `organization_id`, `code`) VALUES (39, 'Salaries & Wages', 'Gaji & Upah', 'EXPENSE', 'Employee salaries and wages', 1, '2026-01-02 13:42:53.386705', '2026-01-02 13:42:53.386717', 2, '5100');
INSERT INTO `core_account` (`id`, `name`, `name_bm`, `account_type`, `description`, `is_active`, `created_at`, `updated_at`, `organization_id`, `code`) VALUES (40, 'EPF Contribution', 'Caruman KWSP', 'EXPENSE', 'Employer EPF contribution', 1, '2026-01-02 13:42:53.386748', '2026-01-02 13:42:53.386760', 2, '5110');
INSERT INTO `core_account` (`id`, `name`, `name_bm`, `account_type`, `description`, `is_active`, `created_at`, `updated_at`, `organization_id`, `code`) VALUES (41, 'SOCSO Contribution', 'Caruman PERKESO', 'EXPENSE', 'Employer SOCSO contribution', 1, '2026-01-02 13:42:53.386791', '2026-01-02 13:42:53.386803', 2, '5120');
INSERT INTO `core_account` (`id`, `name`, `name_bm`, `account_type`, `description`, `is_active`, `created_at`, `updated_at`, `organization_id`, `code`) VALUES (42, 'EIS Contribution', 'Caruman SIP', 'EXPENSE', 'Employer EIS contribution', 1, '2026-01-02 13:42:53.386834', '2026-01-02 13:42:53.386845', 2, '5130');
INSERT INTO `core_account` (`id`, `name`, `name_bm`, `account_type`, `description`, `is_active`, `created_at`, `updated_at`, `organization_id`, `code`) VALUES (43, 'Staff Benefits', 'Faedah Kakitangan', 'EXPENSE', 'Medical, allowances, bonuses', 1, '2026-01-02 13:42:53.386876', '2026-01-02 13:42:53.386890', 2, '5140');
INSERT INTO `core_account` (`id`, `name`, `name_bm`, `account_type`, `description`, `is_active`, `created_at`, `updated_at`, `organization_id`, `code`) VALUES (44, 'Rent Expense', 'Perbelanjaan Sewa', 'EXPENSE', 'Office/shop rental', 1, '2026-01-02 13:42:53.386921', '2026-01-02 13:42:53.386933', 2, '5200');
INSERT INTO `core_account` (`id`, `name`, `name_bm`, `account_type`, `description`, `is_active`, `created_at`, `updated_at`, `organization_id`, `code`) VALUES (45, 'Utilities', 'Utiliti', 'EXPENSE', 'Electricity, water, internet', 1, '2026-01-02 13:42:53.386965', '2026-01-02 13:42:53.386977', 2, '5210');
INSERT INTO `core_account` (`id`, `name`, `name_bm`, `account_type`, `description`, `is_active`, `created_at`, `updated_at`, `organization_id`, `code`) VALUES (46, 'Telephone & Postage', 'Telefon & Pos', 'EXPENSE', 'Phone and postal expenses', 1, '2026-01-02 13:42:53.387009', '2026-01-02 13:42:53.387022', 2, '5220');
INSERT INTO `core_account` (`id`, `name`, `name_bm`, `account_type`, `description`, `is_active`, `created_at`, `updated_at`, `organization_id`, `code`) VALUES (47, 'Motor Vehicle Expenses', 'Perbelanjaan Kenderaan', 'EXPENSE', 'Fuel, maintenance, road tax', 1, '2026-01-02 13:42:53.387054', '2026-01-02 13:42:53.387066', 2, '5300');
INSERT INTO `core_account` (`id`, `name`, `name_bm`, `account_type`, `description`, `is_active`, `created_at`, `updated_at`, `organization_id`, `code`) VALUES (48, 'Travelling Expenses', 'Perbelanjaan Perjalanan', 'EXPENSE', 'Business travel costs', 1, '2026-01-02 13:42:53.387098', '2026-01-02 13:42:53.387110', 2, '5310');
INSERT INTO `core_account` (`id`, `name`, `name_bm`, `account_type`, `description`, `is_active`, `created_at`, `updated_at`, `organization_id`, `code`) VALUES (49, 'Advertising & Marketing', 'Pengiklanan & Pemasaran', 'EXPENSE', 'Marketing and promotion', 1, '2026-01-02 13:42:53.387142', '2026-01-02 13:42:53.387154', 2, '5400');
INSERT INTO `core_account` (`id`, `name`, `name_bm`, `account_type`, `description`, `is_active`, `created_at`, `updated_at`, `organization_id`, `code`) VALUES (50, 'Office Supplies & Stationery', 'Bekalan Pejabat & Alat Tulis', 'EXPENSE', 'Office consumables', 1, '2026-01-02 13:42:53.387186', '2026-01-02 13:42:53.387198', 2, '5500');
INSERT INTO `core_account` (`id`, `name`, `name_bm`, `account_type`, `description`, `is_active`, `created_at`, `updated_at`, `organization_id`, `code`) VALUES (51, 'Printing & Stationery', 'Percetakan & Alat Tulis', 'EXPENSE', 'Printing services', 1, '2026-01-02 13:42:53.387230', '2026-01-02 13:42:53.387242', 2, '5510');
INSERT INTO `core_account` (`id`, `name`, `name_bm`, `account_type`, `description`, `is_active`, `created_at`, `updated_at`, `organization_id`, `code`) VALUES (52, 'Repairs & Maintenance', 'Pembaikan & Penyelenggaraan', 'EXPENSE', 'Equipment and premises maintenance', 1, '2026-01-02 13:42:53.387275', '2026-01-02 13:42:53.387287', 2, '5600');
INSERT INTO `core_account` (`id`, `name`, `name_bm`, `account_type`, `description`, `is_active`, `created_at`, `updated_at`, `organization_id`, `code`) VALUES (53, 'Professional Fees', 'Fi Profesional', 'EXPENSE', 'Accounting, legal, consultancy fees', 1, '2026-01-02 13:42:53.387319', '2026-01-02 13:42:53.387331', 2, '5700');
INSERT INTO `core_account` (`id`, `name`, `name_bm`, `account_type`, `description`, `is_active`, `created_at`, `updated_at`, `organization_id`, `code`) VALUES (54, 'Bank Charges', 'Caj Bank', 'EXPENSE', 'Bank fees and charges', 1, '2026-01-02 13:42:53.387364', '2026-01-02 13:42:53.387376', 2, '5710');
INSERT INTO `core_account` (`id`, `name`, `name_bm`, `account_type`, `description`, `is_active`, `created_at`, `updated_at`, `organization_id`, `code`) VALUES (55, 'Interest Expense', 'Perbelanjaan Faedah', 'EXPENSE', 'Interest on loans', 1, '2026-01-02 13:42:53.387408', '2026-01-02 13:42:53.387432', 2, '5720');
INSERT INTO `core_account` (`id`, `name`, `name_bm`, `account_type`, `description`, `is_active`, `created_at`, `updated_at`, `organization_id`, `code`) VALUES (56, 'Insurance', 'Insurans', 'EXPENSE', 'Business insurance premiums', 1, '2026-01-02 13:42:53.387464', '2026-01-02 13:42:53.387477', 2, '5800');
INSERT INTO `core_account` (`id`, `name`, `name_bm`, `account_type`, `description`, `is_active`, `created_at`, `updated_at`, `organization_id`, `code`) VALUES (57, 'License & Permits', 'Lesen & Permit', 'EXPENSE', 'Business licenses and permits', 1, '2026-01-02 13:42:53.387510', '2026-01-02 13:42:53.387523', 2, '5810');
INSERT INTO `core_account` (`id`, `name`, `name_bm`, `account_type`, `description`, `is_active`, `created_at`, `updated_at`, `organization_id`, `code`) VALUES (58, 'Subscriptions & Memberships', 'Langganan & Keahlian', 'EXPENSE', 'Professional memberships', 1, '2026-01-02 13:42:53.387555', '2026-01-02 13:42:53.387568', 2, '5820');
INSERT INTO `core_account` (`id`, `name`, `name_bm`, `account_type`, `description`, `is_active`, `created_at`, `updated_at`, `organization_id`, `code`) VALUES (59, 'Depreciation', 'Susut Nilai', 'EXPENSE', 'Annual depreciation expense', 1, '2026-01-02 13:42:53.387601', '2026-01-02 13:42:53.387613', 2, '5900');
INSERT INTO `core_account` (`id`, `name`, `name_bm`, `account_type`, `description`, `is_active`, `created_at`, `updated_at`, `organization_id`, `code`) VALUES (60, 'Bad Debts Written Off', 'Hapus Kira Hutang Lapuk', 'EXPENSE', 'Uncollectible debts', 1, '2026-01-02 13:42:53.387645', '2026-01-02 13:42:53.387657', 2, '5910');
INSERT INTO `core_account` (`id`, `name`, `name_bm`, `account_type`, `description`, `is_active`, `created_at`, `updated_at`, `organization_id`, `code`) VALUES (61, 'Entertainment', 'Hiburan', 'EXPENSE', 'Business entertainment', 1, '2026-01-02 13:42:53.387689', '2026-01-02 13:42:53.387702', 2, '5920');
INSERT INTO `core_account` (`id`, `name`, `name_bm`, `account_type`, `description`, `is_active`, `created_at`, `updated_at`, `organization_id`, `code`) VALUES (62, 'Training & Development', 'Latihan & Pembangunan', 'EXPENSE', 'Staff training costs', 1, '2026-01-02 13:42:53.387734', '2026-01-02 13:42:53.387746', 2, '5930');
INSERT INTO `core_account` (`id`, `name`, `name_bm`, `account_type`, `description`, `is_active`, `created_at`, `updated_at`, `organization_id`, `code`) VALUES (63, 'Miscellaneous Expenses', 'Perbelanjaan Pelbagai', 'EXPENSE', 'Other expenses', 1, '2026-01-02 13:42:53.387778', '2026-01-02 13:42:53.387790', 2, '5990');

